e factors of 1369849?
13, 105373
What are the prime factors of 18017666?
2, 821, 10973
What are the prime factors of 10821668?
2, 11, 13, 18919
List the prime factors of 434543.
353, 1231
List the prime factors of 6629751.
3, 736639
List the prime factors of 2427041.
19, 127739
What are the prime factors of 8303502?
2, 3, 1383917
List the prime factors of 27932221.
4547, 6143
List the prime factors of 45588.
2, 3, 29, 131
What are the prime factors of 2895632?
2, 137, 1321
What are the prime factors of 421812?
2, 3, 11717
List the prime factors of 1372074.
2, 3, 11, 20789
What are the prime factors of 2941045?
5, 521, 1129
What are the prime factors of 574569?
3, 63841
List the prime factors of 4028298.
2, 3, 671383
List the prime factors of 232053.
3, 77351
What are the prime factors of 222869?
43, 71, 73
What are the prime factors of 26222?
2, 7, 1873
List the prime factors of 40538553.
3, 11, 1228441
List the prime factors of 15709.
23, 683
What are the prime factors of 2150266?
2, 1075133
What are the prime factors of 2534312?
2, 11, 31, 929
What are the prime factors of 2389425?
3, 5, 31859
What are the prime factors of 2115228?
2, 3, 359, 491
What are the prime factors of 982354?
2, 67, 7331
List the prime factors of 23612355.
3, 5, 13, 181, 223
List the prime factors of 6845598.
2, 3, 380311
What are the prime factors of 424258?
2, 23, 401
What are the prime factors of 687823?
687823
List the prime factors of 202133.
131, 1543
What are the prime factors of 137283?
3, 67, 683
List the prime factors of 3647422.
2, 541, 3371
What are the prime factors of 2090357?
2090357
List the prime factors of 11235015.
3, 5, 11, 22697
List the prime factors of 156959.
11, 19, 751
List the prime factors of 23215850.
2, 5, 7, 113, 587
What are the prime factors of 128682?
2, 3, 2383
List the prime factors of 66795.
3, 5, 61, 73
What are the prime factors of 1839652?
2, 459913
List the prime factors of 2321136.
2, 3, 199
List the prime factors of 182973.
3, 7, 8713
What are the prime factors of 162091?
162091
What are the prime factors of 22531772?
2, 5632943
List the prime factors of 83510.
2, 5, 7, 1193
List the prime factors of 4883463.
3, 13, 13913
What are the prime factors of 2533084?
2, 633271
What are the prime factors of 1466107?
1466107
What are the prime factors of 47876?
2, 11969
What are the prime factors of 90735?
3, 5, 23, 263
List the prime factors of 196682.
2, 43, 2287
What are the prime factors of 5395?
5, 13, 83
List the prime factors of 1375937.
1375937
What are the prime factors of 411831?
3, 7, 2179
What are the prime factors of 201745?
5, 157, 257
What are the prime factors of 1932810?
2, 3, 5, 11, 5857
What are the prime factors of 130668?
2, 3, 10889
List the prime factors of 4836634.
2, 11, 219847
What are the prime factors of 26107050?
2, 3, 5, 174047
What are the prime factors of 3252389?
7, 17, 151, 181
What are the prime factors of 2800655?
5, 11, 13, 3917
List the prime factors of 85012.
2, 53, 401
What are the prime factors of 1622569?
13, 9601
What are the prime factors of 20742261?
3, 17, 317, 1283
List the prime factors of 282521.
151, 1871
List the prime factors of 10748874.
2, 3, 103, 17393
List the prime factors of 579426.
2, 3, 269, 359
List the prime factors of 262397.
257, 1021
What are the prime factors of 3961220?
2, 5, 37, 53, 101
List the prime factors of 1260452.
2, 139, 2267
List the prime factors of 20592235.
5, 739, 5573
List the prime factors of 274937.
13, 21149
List the prime factors of 178332.
2, 3, 7, 11, 193
What are the prime factors of 11121874?
2, 1873, 2969
What are the prime factors of 10222339?
479, 21341
List the prime factors of 492732.
2, 3, 13687
What are the prime factors of 11883407?
373, 31859
What are the prime factors of 14814656?
2, 231479
What are the prime factors of 5012?
2, 7, 179
List the prime factors of 3556164.
2, 3, 296347
What are the prime factors of 141360?
2, 3, 5, 19, 31
List the prime factors of 10551567.
3, 13, 270553
List the prime factors of 29656009.
29, 67, 15263
List the prime factors of 1086478.
2, 107, 5077
List the prime factors of 6616489.
11, 113, 5323
What are the prime factors of 371165?
5, 19, 3907
List the prime factors of 2215265.
5, 13, 173, 197
What are the prime factors of 650301?
3, 17, 41, 311
What are the prime factors of 1653416?
2, 31, 59, 113
List the prime factors of 1010463.
3, 17, 19813
What are the prime factors of 21425868?
2, 3, 43, 13841
What are the prime factors of 1720075?
5, 7, 9829
List the prime factors of 93397.
59, 1583
List the prime factors of 118090.
2, 5, 7, 241
List the prime factors of 1133274.
2, 3, 19, 9941
List the prime factors of 521447.
521447
List the prime factors of 402245.
5, 80449
List the prime factors of 2399166.
2, 3, 7, 11, 577
List the prime factors of 3488079.
3, 7, 166099
What are the prime factors of 23166826?
2, 131, 88423
What are the prime factors of 1098942?
2, 3, 13, 73, 193
List the prime factors of 435498.
2, 3, 7, 10369
What are the prime factors of 56074?
2, 23, 53
List the prime factors of 4901039.
11, 13, 34273
List the prime factors of 2780672.
2, 5431
List the prime factors of 1701220.
2, 5, 85061
What are the prime factors of 585899?
585899
List the prime factors of 27220818.
2, 3, 4536803
What are the prime factors of 17184?
2, 3, 179
List the prime factors of 1999517.
13, 37, 4157
What are the prime factors of 17664?
2, 3, 23
List the prime factors of 141190.
2, 5, 7, 2017
List the prime factors of 5843449.
23, 83, 3061
What are the prime factors of 15587549?
89, 175141
What are the prime factors of 2664006?
2, 3, 444001
List the prime factors of 23506617.
3, 29, 270191
List the prime factors of 654158.
2, 327079
List the prime factors of 309553.
17, 131, 139
List the prime factors of 160111.
7, 89, 257
List the prime factors of 142016.
2, 7, 317
List the prime factors of 884951.
884951
What are the prime factors of 87014?
2, 139, 313
List the prime factors of 2384926.
2, 1091, 1093
What are the prime factors of 1856194?
2, 928097
What are the prime factors of 20692?
2, 7, 739
What are the prime factors of 35457685?
5, 7091537
What are the prime factors of 1178226?
2, 3, 7, 1039
List the prime factors of 2000723.
967, 2069
List the prime factors of 45788.
2, 11447
List the prime factors of 8242699.
29, 284231
What are the prime factors of 36160160?
2, 5, 226001
What are the prime factors of 98693?
7, 23, 613
List the prime factors of 13898940.
2, 3, 5, 11, 21059
List the prime factors of 193641.
3, 7, 9221
List the prime factors of 25804247.
7, 3686321
What are the prime factors of 1752681?
3, 7, 11923
List the prime factors of 351084.
2, 3, 17, 1721
What are the prime factors of 6770838?
2, 3, 101, 11173
List the prime factors of 274258.
2, 241, 569
What are the prime factors of 10973152?
2, 137, 2503
What are the prime factors of 34667802?
2, 3, 13, 148153
What are the prime factors of 6489878?
2, 3244939
List the prime factors of 6979738.
2, 3489869
List the prime factors of 1046086.
2, 23, 22741
What are the prime factors of 24304549?
2339, 10391
List the prime factors of 1104114.
2, 3, 11, 16729
List the prime factors of 1661641.
1661641
What are the prime factors of 619415?
5, 43, 67
List the prime factors of 10223755.
5, 571, 3581
List the prime factors of 1123977.
3, 43, 8713
List the prime factors of 222546.
2, 3, 29, 1279
List the prime factors of 3721303.
3721303
What are the prime factors of 4871386?
2, 13, 187361
What are the prime factors of 592453?
592453
What are the prime factors of 884834?
2, 97, 4561
What are the prime factors of 777227?
11, 70657
What are the prime factors of 1527967?
7, 31183
What are the prime factors of 2817624?
2, 3, 19, 37, 167
List the prime factors of 50768.
2, 19, 167
What are the prime factors of 1610620?
2, 5, 11, 7321
What are the prime factors of 291836?
2, 72959
List the prime factors of 322196.
2, 7, 37, 311
What are the prime factors of 14344361?
661, 21701
List the prime factors of 924907.
924907
What are the prime factors of 131194?
2, 7, 9371
What are the prime factors of 5023365?
3, 5, 334891
What are the prime factors of 3257446?
2, 131, 12433
List the prime factors of 53960.
2, 5, 19, 71
What are the prime factors of 11863242?
2